 0 = -n - 5 + 10. Suppose 20 = n*u + x, -13 = -3*u + 2*x - 1. Suppose 2*p - o + u = -3*o, 2*p - 2*o - 16 = 0. List the prime factors of p.
3
What are the prime factors of (-2)/5 + 8544/60?
2, 71
Suppose 0 = -4*t + 5*o - 3 - 14, -5*t + 3*o - 5 = 0. List the prime factors of -2*-15*1/t.
3, 5
Suppose 3*z + 2*z = 2*w - 3, 3*w - 18 = 3*z. List the prime factors of w.
3
Let x be (18/12)/((-3)/(-12)). Suppose -3*k + x*k = 90. What are the prime factors of k?
2, 3, 5
Let d(o) = -2*o**2 + 9*o + 3. Let k(l) be the first derivative of -l**3 + 17*l**2/2 + 5*l + 3. Let b(p) = -5*d(p) + 3*k(p). List the prime factors of b(-8).
2
Suppose -4*a + 163 + 73 = 0. What are the prime factors of a?
59
Let n(x) = -118*x**2 - x. Let o be n(-1). What are the prime factors of (-2)/(-7) + o/(-7)?
17
What are the prime factors of 4/((-16)/(-6)) - 173/(-2)?
2, 11
Suppose -16 = -4*r, -w + 5*r = -0*w - 32. Suppose -q = -5*q + w. What are the prime factors of q?
13
Let f(q) = -3*q. Let g(x) = 4*x + 1. Let n(y) = -y**3 - 3*y**2 + 5*y + 3. Let m be n(-4). Let p be g(m). What are the prime factors of f(p)?
3
Let a = 23 - -79. List the prime factors of a.
2, 3, 17
Suppose 3*b = 17 - 2. Suppose b*v + h = 17, -2*h = v + 2*h + 8. Suppose 0 = -v*d + 66 + 6. What are the prime factors of d?
2, 3
Let z = -24 + 55. List the prime factors of z.
31
Suppose 5*y + 20 = 10*y. What are the prime factors of y?
2
Let j(d) = d + 10. Let p(b) = -4*b + 4. Let f(q) = -q. Let h(o) = -5*f(o) + p(o). Let z be h(-4). List the prime factors of j(z).
2, 5
Suppose -2*r - 2*r - 3*x + 1296 = 0, 4*x + 305 = r. List the prime factors of r.
3, 107
Let z(s) = -s - 6. Let a be z(-6). Suppose -5*r + 3*t - 7*t + 100 = a, 2*t + 20 = r. List the prime factors of r.
2, 5
Let r be 2/(-4)*6/(-1). Suppose -2*h = r*h - 55. What are the prime factors of h?
11
Let l(q) = -q**3 + 7*q - 1. List the prime factors of l(-3).
5
Let k be 2*3/(-18)*-9. Suppose k*f = 8 + 10. What are the prime factors of f?
2, 3
Suppose 26 + 29 = r. Suppose -5*c + r = 15. What are the prime factors of c?
2
Let g(w) = w**2 + 3*w - 37. List the prime factors of g(11).
3, 13
Let i = 145 - 87. List the prime factors of i.
2, 29
Let u = -1 + 5. Let h(f) = f + 11. Let y be h(-8). Suppose u*b - 40 = -4*k - 0*k, -10 = -k + y*b. List the prime factors of k.
2, 5
What are the prime factors of (2/6)/((-3)/(-333))?
37
Suppose 2*g - 24 = -2*m, 4*g + g = -3*m + 50. Suppose 93 = 3*p + 3*k, -g*p + 3*p + 5*k = -169. What are the prime factors of p?
2, 3
Suppose -23*g + 21*g + 50 = 0. What are the prime factors of g?
5
Let j be 4/(0 - -2) - -3. Let s = 13 - j. What are the prime factors of s?
2
Let h = 17 - 1. What are the prime factors of h?
2
Let t = -8 + 41. What are the prime factors of t?
3, 11
Let z(a) = 4*a**3 - a**2 - a + 1. Let d be (3/(-6))/(1/(-2)). What are the prime factors of z(d)?
3
Let c be (-546)/36 + (-2)/(-12). List the prime factors of (-5 - -3) + 4 - c.
17
Let c(u) = 54*u + 2. Let a be c(1). Suppose -5*p = -3*p - a. List the prime factors of p.
2, 7
Let s be 2/1*(-12)/(-8). What are the prime factors of (4/(-12))/(s/(-81))?
3
Let d(u) = -u**3 - 6*u**2 + u + 8. Suppose 0 = -5*b + b - 24. What are the prime factors of d(b)?
2
Suppose -124 = -5*i + n, -5 - 59 = -2*i + 4*n. Suppose -4*u = -u - i. List the prime factors of u.
2
Let u(n) = n. Let t be u(-2). Let z be 2/(-2*(0 - 1)). What are the prime factors of 102/(-3)*z/t?
17
Let m = -13 + 29. Suppose -6*q + m = -5*q. What are the prime factors of q?
2
Suppose -12*c = 1134 - 2994. What are the prime factors of c?
5, 31
Let a(o) = -o + 78. What are the prime factors of a(0)?
2, 3, 13
Let d = 33 - -56. List the prime factors of d.
89
Suppose -k - 3*r = -41, 3*k + 4*r = r + 111. List the prime factors of k.
5, 7
Let f(q) be the second derivative of -3*q + 0 + 3/2*q**2 + 1/3*q**3. What are the prime factors of f(4)?
11
Let p(k) = 6*k**2 - 5*k - 2. Let g be p(5). Let v = g + -86. List the prime factors of v.
37
Let q = -3 + 11. Let g(c) = -21*c - 2. Let n be g(-2). Suppose 3*p = q*p - n. List the prime factors of p.
2
Suppose -89 = -3*v + 61. List the prime factors of v.
2, 5
Let t = 9 - 6. Suppose 0 = -2*c + 5 + t. What are the prime factors of c?
2
Let n be (-1)/4 + (-59)/4. Suppose 1 = b - 27. Let w = b + n. List the prime factors of w.
13
Suppose 3*n - 38 = -2. Suppose t = -5*h - 0*t + n, 4*h - 4 = 2*t. Suppose 0*v = h*v - 14. What are the prime factors of v?
7
Let h = 93 + -36. List the prime factors of h.
3, 19
Let t = 383 + -267. What are the prime factors of t?
2, 29
Let g(z) = z**3 + 4*z**2 + 2*z. Let b be g(-3). What are the prime factors of b*-1*45/(-3)?
3, 5
Suppose 2 = n + 6. Let v(b) = -b**3 - 2*b**2 + 4*b - 5. List the prime factors of v(n).
11
Let v = 83 + -57. What are the prime factors of 1018/v - 8/52?
3, 13
Let t(l) = 4*l**2 + 2*l - 2. Let z(m) = 5*m**2 + m - 2. Let v(n) = -4*t(n) + 3*z(n). Let j be v(-3). Suppose -j*c + 3*c = -35. List the prime factors of c.
7
Let o(n) be the second derivative of n**3/3 + 3*n**2/2 - 4*n. Let a be o(-3). Let r(k) = 2*k**2 + 3*k + 2. List the prime factors of r(a).
11
Suppose -3*g + 6 = -18. Let i be 8*(-2 - (-22)/g). List the prime factors of 100/15*i/5.
2
Suppose 2*w - 43 = -5*n, -3*n + 3 = -2*n. Let r = -3 + w. What are the prime factors of r?
11
Suppose 2*d = -0*d + 14. Let y(x) = 2*x - 7. What are the prime factors of y(d)?
7
Suppose -4*i = -3*s - 51, 0 + 12 = 4*s. Suppose 4*u = i - 3. Suppose -u*t = 2*t - 70. What are the prime factors of t?
2, 7
Let w(o) = 5*o - 1. Let d be w(1). Suppose -d*b = -7*b + 108. Suppose 0*x + b = 4*x. What are the prime factors of x?
3
Let y(f) = f**3 - 8*f**2 - 6*f - 3. Let u be y(9). Suppose -3*z + a + u = 0, 5*a = 11 + 4. What are the prime factors of z?
3
Suppose 2*k - 10 = 7*k. Suppose 3*o = -3*n + 12, -8 = -2*o - o - n. What are the prime factors of 5 + o/(-1 - k)?
7
Let c be (-6)/(5/(-2) - -1). Let b(w) be the second derivative of w**4/12 - w**3/3 + 2*w. List the prime factors of b(c).
2
Let t(w) = -6*w - 3. Let x(h) = -7*h - 2. Let k(q) = -5*t(q) + 4*x(q). Let d be k(-9). Let y = -2 - d. What are the prime factors of y?
3
Let p(v) = v**2 - 8*v - 2. Let s be p(7). List the prime factors of (18/(-4))/(s/24).
2, 3
Let k = 335 - 153. What are the prime factors of k?
2, 7, 13
Let l(u) = u**2 - 7*u + 2. Let v be l(7). Let j be 77/v - (-4)/8. Suppose -j + 9 = -5*w. List the prime factors of w.
2, 3
Suppose 3 = -2*g + 7. Suppose -a - g = -21. What are the prime factors of a?
19
Let m be (-2 - 1)*(-3)/9. Let n(k) = 3 + 0 + k - m. List the prime factors of n(9).
11
List the prime factors of 9 - (-3 - 4/(-1)).
2
Let s(o) = -o**2 - 13*o - 10. Let t be s(-7). Let n(l) = l**3 + 10*l**2 + 8*l - 6. Let p be n(-9). List the prime factors of t/2 - (p + -3).
2
Let p = 7 - 1. Suppose 4*c = 2*b + 82, b = -4*c - p + 73. Suppose -3*o + c + 12 = 0. List the prime factors of o.
2, 5
List the prime factors of (91 - (-2 - -3))*(-30)/(-25).
2, 3
Let w(u) = u**2 + 4*u - 4. Let x be w(-5). List the prime factors of (1/(-2))/(x/(-26)).
13
List the prime factors of 1 + 7/(7/20).
3, 7
Let n(g) = g**2 + 1 + 1 - 3*g + 3*g. List the prime factors of n(2).
2, 3
Let c(u) = -u**3 - 2*u**2 + 3*u + 4. List the prime factors of c(-3).
2
Let r(t) = t - 8. Let u be r(0). Let w = 5 + u. Let z = w + 21. List the prime factors of z.
2, 3
What are the prime factors of -1 + (-3)/(-1) - -3?
5
Let g be (1 - 4) + 0 + 1. Let k = 6 + g. Suppose 0 = q + 2*w - 13, -k*w = w - 5. List the prime factors of q.
11
Let x(w) = w**2 + 1. Suppose -4*o + o = 9. Let v be x(o). Suppose -3*i - 1 = -v. List the prime factors of i.
3
Suppose 3*b + 0*b - 39 = 0. Suppose b = -3*y + 1. What are the prime factors of (-1)/4 + (-29)/y?
7
Let l = 82 - 42. List the prime factors of l.
2, 5
Suppose 2*o - o = 6. Let r be 3*5/o*2. Suppose 0 = -r*l + q + 39, -3*l + 31 = 2*l + q. What are the prime factors of l?
7
Let p(m) = -2*m - 4. Let y be p(-6). What are the prime factors of (-63)/(-12) + (-2)/y?
5
Suppose -2*z = 3*z - 500. List the prime factors of z.
2, 5
Let a(j) = 4*j - 1. Let o be a(1). Suppose -o*b + 0*b + 63 = 0. List the prime factors of b.
3, 7
Let q = 565 - 383. List the prime factors of q.
2, 7, 13
Let a(c) be the first derivative of -c**2/2 + c - 1. What are the prime 